e remainder when 70215 is divided by 150?
15
What is the remainder when 703035 is divided by 112?
11
Calculate the remainder when 124199 is divided by 10.
9
What is the remainder when 178096 is divided by 24?
16
Calculate the remainder when 85533 is divided by 486.
483
Calculate the remainder when 6433 is divided by 1642.
1507
Calculate the remainder when 1329 is divided by 397.
138
Calculate the remainder when 10710 is divided by 168.
126
Calculate the remainder when 2566 is divided by 627.
58
Calculate the remainder when 142295 is divided by 196.
195
Calculate the remainder when 2146 is divided by 392.
186
What is the remainder when 57374 is divided by 255?
254
Calculate the remainder when 15886 is divided by 15842.
44
What is the remainder when 10321 is divided by 123?
112
Calculate the remainder when 5216 is divided by 6.
2
What is the remainder when 2056 is divided by 1746?
310
Calculate the remainder when 1197 is divided by 75.
72
Calculate the remainder when 8901 is divided by 260.
61
Calculate the remainder when 13278 is divided by 6588.
102
What is the remainder when 9869 is divided by 6?
5
Calculate the remainder when 19855 is divided by 9824.
207
Calculate the remainder when 52969 is divided by 24.
1
Calculate the remainder when 30234 is divided by 1259.
18
What is the remainder when 32308 is divided by 18?
16
Calculate the remainder when 219257 is divided by 599.
23
Calculate the remainder when 4291 is divided by 476.
7
Calculate the remainder when 13240 is divided by 13.
6
Calculate the remainder when 76908 is divided by 99.
84
Calculate the remainder when 85493 is divided by 12213.
2
What is the remainder when 59473 is divided by 11888?
33
Calculate the remainder when 3247 is divided by 70.
27
What is the remainder when 13995 is divided by 24?
3
Calculate the remainder when 46133 is divided by 103.
92
Calculate the remainder when 40409 is divided by 638.
215
What is the remainder when 3675 is divided by 1637?
401
What is the remainder when 390015 is divided by 78001?
10
Calculate the remainder when 12968 is divided by 864.
8
Calculate the remainder when 2223 is divided by 1391.
832
Calculate the remainder when 2902 is divided by 320.
22
Calculate the remainder when 3698 is divided by 8.
2
Calculate the remainder when 4747 is divided by 1516.
199
What is the remainder when 1158 is divided by 288?
6
What is the remainder when 8804 is divided by 420?
404
Calculate the remainder when 10445 is divided by 2609.
9
What is the remainder when 39010 is divided by 12?
10
What is the remainder when 1707 is divided by 74?
5
What is the remainder when 52374 is divided by 238?
14
Calculate the remainder when 105264 is divided by 73.
71
Calculate the remainder when 25831 is divided by 42.
1
What is the remainder when 2381 is divided by 101?
58
What is the remainder when 3114 is divided by 123?
39
Calculate the remainder when 786 is divided by 43.
12
What is the remainder when 64669 is divided by 92?
85
Calculate the remainder when 31690 is divided by 55.
10
What is the remainder when 64078 is divided by 13?
1
Calculate the remainder when 53899 is divided by 933.
718
Calculate the remainder when 6058 is divided by 108.
10
What is the remainder when 42099 is divided by 105?
99
Calculate the remainder when 38573 is divided by 12811.
140
Calculate the remainder when 9031 is divided by 12.
7
Calculate the remainder when 94834 is divided by 9482.
14
Calculate the remainder when 5176 is divided by 201.
151
Calculate the remainder when 78523 is divided by 21.
4
What is the remainder when 130457 is divided by 31?
9
What is the remainder when 215679 is divided by 208?
191
Calculate the remainder when 22451 is divided by 288.
275
Calculate the remainder when 104992 is divided by 19.
17
Calculate the remainder when 36509 is divided by 29.
27
What is the remainder when 118 is divided by 81?
37
What is the remainder when 141752 is divided by 70870?
12
What is the remainder when 189766 is divided by 35?
31
Calculate the remainder when 566179 is divided by 301.
299
What is the remainder when 58253 is divided by 14527?
145
What is the remainder when 7867 is divided by 1559?
72
What is the remainder when 3017 is divided by 980?
77
What is the remainder when 19612 is divided by 437?
384
Calculate the remainder when 159 is divided by 20.
19
What is the remainder when 10045 is divided by 199?
95
What is the remainder when 203327 is divided by 48?
47
Calculate the remainder when 119698 is divided by 39892.
22
Calculate the remainder when 13139 is divided by 296.
115
What is the remainder when 9888 is divided by 459?
249
Calculate the remainder when 249 is divided by 123.
3
What is the remainder when 154408 is divided by 269?
2
What is the remainder when 793 is divided by 38?
33
Calculate the remainder when 55840 is divided by 1015.
15
What is the remainder when 42910 is divided by 318?
298
What is the remainder when 21267 is divided by 10622?
23
What is the remainder when 191353 is divided by 326?
317
What is the remainder when 12021 is divided by 864?
789
Calculate the remainder when 1395 is divided by 961.
434
What is the remainder when 11248 is divided by 11017?
231
Calculate the remainder when 48953 is divided by 30.
23
What is the remainder when 99747 is divided by 1262?
49
What is the remainder when 82708 is divided by 2858?
2684
Calculate the remainder when 324295 is divided by 220.
15
What is the remainder when 9293 is divided by 121?
97
What is the remainder when 2107 is divided by 1573?
534
What is the remainder when 384746 is divided by 57?
53
Calculate the remainder when 10368 is divided by 3437.
57
What is the remainder when 40152 is divided by 730?
2
Calculate the remainder when 8773 is divided by 53.
28
Calculate the remainder when 306701 is divided by 102232.
5
What is the remainder when 258770 is divided by 16173?
2
What is the remainder when 10498 is divided by 50?
48
What is the remainder when 2344 is divided by 901?
542
What is the remainder when 7661 is divided by 73?
69
Calculate the remainder when 75943 is divided by 173.
169
Calculate the remainder when 1372 is divided by 127.
102
What is the remainder when 1313 is divided by 247?
78
What is the remainder when 34001 is divided by 233?
216
Calculate the remainder when 147683 is divided by 1078.
1075
Calculate the remainder when 369933 is divided by 21.
18
What is the remainder when 8396 is divided by 187?
168
What is the remainder when 30941 is divided by 59?
25
What is the remainder when 104647 is divided by 449?
30
Calculate the remainder when 84253 is divided by 146.
11
Calculate the remainder when 24915 is divided by 72.
3
Calculate the remainder when 14254 is divided by 637.
240
Calculate the remainder when 22432 is divided by 35.
32
What is the remainder when 17977 is divided by 5988?
13
What is the remainder when 42600 is divided by 561?
525
What is the remainder when 28529 is divided by 21?
11
What is the remainder when 46154 is divided by 650?
4
Calculate the remainder when 81101 is divided by 379.
374
Calculate the remainder when 22736 is divided by 2525.
11
Calculate the remainder when 1576 is divided by 289.
131
What is the remainder when 46021 is divided by 687?
679
What is the remainder when 116477 is divided by 128?
125
Calculate the remainder when 9380 is divided by 2344.
4
Calculate the remainder when 4505134 is divided by 12.
10
What is the remainder when 1866708 is divided by 186?
12
What is the remainder when 216588 is divided by 895?
893
What is the remainder when 482925 is divided by 205?
150
What is the remainder when 2449218 is divided by 1242?
1236
Calculate the remainder when 9739 is divided by 1370.
149
What is the remainder when 1308 is divided by 187?
186
What is the remainder when 2073 is divided by 971?
131
Calculate the remainder when 6092 is divided by 249.
116
What is the remainder when 162784 is divided by 76?
68
What is the remainder when 2648 is divided by 2018?
630
Calculate the remainder when 685654 is divided by 17.
10
What is the remainder when 193689 is divided by 2979?
54
What is the remainder when 27970 is divided by 518?
516
Calculate the remainder when 828 is divided by 401.
26
What is the remainder when 6626559 is divided by 80?
79
What is the